+ -1 + -2 - -2 - -4?
3
What is the value of -19 + 8 - -22 - 9?
2
Calculate -2 - ((0 - 8) + 4 + -6).
8
Evaluate 0 - (-2 + -2 - -5).
-1
What is the value of -3 + 7 + 0 - 0?
4
Evaluate 3 + -1 - 3 - (-6 - -7).
-2
What is 1 - (1 - 7 - -5)?
2
What is the value of 7 + -5 + 2 - -1?
5
Evaluate 1 + 2 - (6 - 6).
3
What is the value of 4 + -3 + -2 - 3?
-4
Evaluate 4 - 6 - -9 - 2.
5
Evaluate (-7 - -16) + -7 - (8 + 2).
-8
What is 4 + -1 + 2 - 3?
2
Calculate -29 - -25 - (0 + 1) - -8.
3
What is (-69 - -75) + -5 + 0?
1
What is 34 + -31 + (2 - 9)?
-4
23 + (-1 - 6) - (-1 - -7)
10
-1 + (2 - -7) + -26 + 23
5
What is the value of -2 + (-28 - -29) - (0 + 3)?
-4
Calculate (4 - 2 - 3) + 1 - 0.
0
What is the value of -3 + -1 + (0 - -1)?
-3
What is the value of 7 - (7 - (2 + 9))?
11
What is the value of -7 + 10 - (2 - (-1 - 1))?
-1
What is the value of -35 + 43 + 0 + -7?
1
Evaluate 5 - -1 - (-5 - -3 - -3).
5
Calculate (-2 - -2) + (5 - 3 - -2).
4
Calculate (0 - 2 - (-1 + -4)) + -3.
0
11 + -11 - (-3 - (0 - 0))
3
Evaluate -4 - 1 - (-23 + (-3 - -16)).
5
Calculate (6 - 12 - -5) + 0.
-1
Evaluate (32 - 35) + -1 + 3 + 0.
-1
Evaluate (-7 - (-3 - 0)) + (9 - -2).
7
What is -76 + 80 + 2 + -1 + 3?
8
(-11 - -12) + (-5 - 0)
-4
What is 2 + -7 + 0 - (8 - 12)?
-1
11 - 7 - (-10 + 19)
-5
Evaluate 1 + -2 + -3 + 1.
-3
Evaluate (-29 - -15) + (0 - -9).
-5
Calculate -1 + -2 + (-1 - -8).
4
What is 0 + 0 + 2 - (-4 - -4)?
2
What is the value of (-2 - 1) + (-5 - (-12 - -7))?
-3
3 - 1 - (-3 + -1 + 1)
5
What is the value of (-5 - 1) + 11 + -6 - 3?
-4
Calculate (6 - (11 + -6)) + -5.
-4
Calculate 0 - 1 - (-7 + 3).
3
What is -2 + 2 + -7 + 13 + -6?
0
What is the value of 20 + -26 + 7 + 0 + -6?
-5
Calculate -6 - ((-6 - 2) + 6).
-4
What is the value of 5 + -7 + -2 + 1?
-3
Calculate -10 - (1 + -9 + 2).
-4
What is the value of -4 + 3 + 4 + 0?
3
Calculate -2 + (5 - 5) + 6.
4
What is -1 - ((-11 - 1) + 28 + -24)?
7
What is -4 - (1 + -5 - -5)?
-5
Evaluate (3 - 13) + 2 + 3.
-5
Calculate 3 + (1 - -2 - (4 + 5)).
-3
Calculate 1 + -3 - -5 - (2 - 0).
1
What is the value of 3 - 7 - -8 - (0 - -9)?
-5
Calculate (11 - 3) + (0 + 0 - 4).
4
Calculate 4 + -2 - 5 - (8 + -9).
-2
(1 - (0 + -10)) + -12
-1
Calculate -2 - -1 - (16 - 21 - 1).
5
Calculate -14 + 14 + (1 - (2 + 0)).
-1
Evaluate 3 + (-4 + 7 - 5) + 5.
6
Evaluate 5 - (-5 - -3) - (-21 - -24).
4
What is -1 + (-8 - (5 + -4 - 4))?
-6
-9 - (-9 - 14) - 8
6
1 - 0 - (1 + -2 + -1)
3
What is the value of -12 + 32 + -10 + -10?
0
What is -1 + 4 + (1 - 0)?
4
What is 11 + (-13 - -3) - (1 + -2)?
2
What is 0 + 1 - 2 - 1?
-2
Calculate (-2 - -1) + 5 + -8.
-4
-3 - 4 - (0 - 13)
6
Calculate -14 + (13 + -21 - -19).
-3
What is the value of (-3 - -2) + (-4 - -3) + -1?
-3
Evaluate -2 + 6 - (-1 - -5).
0
Calculate (-2 - -1) + (8 - 6).
1
Evaluate -1 - (0 - (-5 - -3 - -5)).
2
-16 + 5 - (-12 - -2)
-1
-10 + 5 + -7 - -8
-4
-11 - (4 - 13 - (-1 - 2))
-5
Calculate -6 + 1 + 3 + 3.
1
What is the value of 5 + -6 + 3 - (1 + 2)?
-1
What is 1 + -2 + (7 + -7 - 3)?
-4
What is (-10 - 2) + (-3 - (-3 + -8))?
-4
What is 17 - (-3 + 7 - -5)?
8
Calculate 0 - 2 - ((14 - 4) + -10).
-2
Calculate -4 + -1 + 1 - -4.
0
Evaluate -18 + 8 + 11 - -6.
7
What is the value of -1 - (1 + -3 + 1)?
0
41 - 43 - (-4 + 0 + 2)
0
What is -2 + (0 - 1) - (-4 - -4)?
-3
7 + (6 + -8 - 4)
1
What is the value of (2 - -1 - 1) + -4?
-2
Calculate -5 + -1 + 1 - -3.
-2
-4 + (4 + -3 - -2)
-1
What is the value of 3 - -2 - (8 + (-12 - -4))?
5
What is 1 + 3 + (-6 + 9 - 6)?
1
14 + -2 - 17 - (-1 + -4)
0
Calculate 4 + -7 + 0 - -4.
1
Evaluate -4 + 7 + (0 - -3).
6
Evaluate (16 - (-3 + -3 + 11)) + -7.
4
What is 11 + (8 - 16) - (4 - 2)?
1
1 + 6 - (7 + 5)
-5
1 - (1 - -1) - (3 + 5)
-9
What is the value of -16 + 12 + 3 + 2?
1
Calculate -5 - (-14 + 4 - 0).
5
(-1 - -11) + (6 + -4 - 3)
9
What is -7 - -21 - 11 - (8 - -1)?
-6
Evaluate 3 + 8 - (16 + -13).
8
-2 - ((-1 - -4) + -2)
-3
Evaluate (-38 - -34) + (-3 - -1 - -10).
4
What is 3 - 7 - (0 - 5)?
1
What is the value of -3 - (-3 - (-7 - (-4 - 0)))?
-3
Evaluate 0 + 4 - (46 + -41).
-1
-3 + (-2 - -13) + -8
0
What is the value of 5 - 1 - (-23 + (19 - -6))?
2
Evaluate -6 + 10 + 2 + -9 + -2.
-5
-2 + 8 - (0 - -1)
5
0 + 4 + 2 - 3
3
What is -7 - ((-6 - -5) + -1)?
-5
What is the value of 3 + -4 + 2 - 1?
0
5 - ((3 - -4) + (8 - 10))
0
Evaluate (-2 - 0) + 1 - (1 + -3).
1
What is the value of (-2 - 3) + 3 - 1?
-3
What is the value of (-12 - -4) + (5 - 1)?
-4
What is the value of (-13 - -9) + 9 + -2?
3
Calculate 5 + -1 + 6 - 10.
0
Evaluate -5 + (2 + -8 - -10).
-1
What is 0 + (15 - 3) + -8?
4
What is the value of -10 + 1 - (-97 + 91)?
-3
-11 + 0 + -222 + 228
-5
((-1 - 0) + 2 - 4) + -4
-7
What is the value of 7 + -4 - (0 - 1) - 1?
3
(15 - 5 - 3) + (-1 - 2)
4
Calculate -10 + (-4 - -7) - -8.
1
Calculate 2 + 1 - 1 - (7 + -5).
0
(-4 + -2 - 1) + 2 + -1
-6
What is 2 - (5 + (4 - (-3 - -4)))?
-6
Calculate -1 + 3 - (19 - 8 - 8).
-1
Evaluate -5 - (-9 - (7 + -14)).
-3
Evaluate (6 - 1) + (46 - 50).
1
What is the value of -2 - -3 - 0 - (-70 + 66)?
5
Evaluate 1 + -1 + 1 + 2 - -2.
5
-14 + 14 + (-5 - 0)
-5
What is (8 - (30 + -18)) + (10 - 0)?
6
What is (2 - -13) + -7 + -13?
-5
What is 8 - (-9 + (9 - -4))?
4
Evaluate -43 - -42 - (1 - 0) - -2.
0
What is the value of 1 + 2 + -4 + -2?
-3
Calculate 1 + (4 + 0 - 4) + -2.
-1
What is (1 - 1) + 0 - (0 - -3)?
-3
Calculate (2 + 6 - 12) + -6 + 0.
-10
What is 1 + (1 - (-3 + 3)) + 1?
3
What is the value of 4 + -2 + (-13 - (-13 + 3))?
-1
What is the value of -4 + (3 - 6) - -2?
-5
-4 + (4 - 2) + 3 - -2
3
Evaluate -4 + 7 + (-3 - (3 + -3)).
0
What is 8 + (-4 - -1) + -2?
3
What is -4 + -1 + (2 - (-1 - -2))?
-4
8 - (-8 - (-16 - 1))
-1
Calculate 7 + 7 + (-19 - 0).
-5
Evaluate 27 + -28 + (-6 - -2).
-5
(1 - 0 - -1) + (-43 - -40)
-1
-2 + -3 - (-18 + 3) - 5
5
What is 0 + (3 - (-3 - -1))?
5
Calculate 9 - (3 + 7) - (-1 - 3).
3
(-3 - 5) + -2 + 14
4
What is (0 - -2) + -23 + 20 + 0?
-1
Calculate -3 + -1 - 2 - (-39 - -38).
-5
Evaluate (3 - -1 - 4) + 3.
3
Calculate -10 + 6 - (-9 + -1).
6
Calculate (29 - 31) + (5 - -1).
4
What is the value of (14 - 11 - 2) + 0 + 3?
4
What is (-10 + 7 - 0) + 0?
-3
Evaluate 6 - 11 - -13 - 4.
4
Evaluate -3 + 4 + 1 + -1.
1
What is (-19 - -9) + (14 - 4)?
0
What is -7 + 3 + (-2 - (0 - -1))?
-7
6 - (-25 - -13 - -10)
8
What is the value of 1 - 17 - (81 - 92)?
-5
What is (-8 - 5 - -3) + 6?
-4
2 - (2 + -8) - (-3 - -6)
5
What is the value of 5 - (-6 + 13 - 3 - -1)?
0
Calculate (-1 - (8 - 8)) + (1 - 3).
-3
What is the value of -4 + 6 - ((-2 - -2) + 0)?
2
Calculate 4 - (7 + (-8 - -8)).
-3
What is the value of 2 - (-1 + 4 + 1)?
-2
Calculate (-3 + 3 - -2) + -6 + -1.
-5
What is the value of -87 + 102 - (12 - 1)?
4
What is the value of -28 + 28 - (1 + 3 + 3)?
-7
Calculate (13 - 6) + 1 + -2 + -2.
4
Calculate 6 + (2 - -1) + -7.
2
Evaluate (-13 - -4 - (0 + -3)) + 8.
2
5 - (2 + -2 + 0)
5
What is the value of -4 - (3 + -5) - (0 + -1)?
-1
What is (-5 - (4 - 1)) + 4?
-4
6 - 8 - (-6 - 1)
5
What is -13 + 6 + 5 + 0?
-2
Calculate (-5 - (-3 + 0)) + -3 + -1.
-6
Calculate (-1 - 0) + 6 - (0 - -1).
4
What is the value of -3 + -1 - (-1 + -4 + 2)?
-1
Calculate 0 + (0 - -1) - (405 - 399).
-5
What is the value of -2 + 4 + -5 + -1 + -1?
-5
Calculate 7 + 1 - (5 - 0 - 0).
3
What is 12 - 10 - (2 + 5)?
-5
Calculate (-8 - -1) + 4 - 1 - -4.
0
Evaluate -10 + 7 + (1 - -1 - 1).
-2
What is 1 - 5 - (0 + (3 - 2))?
-5
What is the value of (2 - 0) + 13 + -14?
1
(-7 + 13 - 1) + -13
-8
What is 1 + 1 - (-1 + -1)?
4
What is the value of (1 - (5 + -1) - -3) + -5?
-5
What is -2 - (-8 - -8) - 0?
-2
5 - ((-1 - -7) + 1 - 3)
1
What is the value of 2 + 4 - (-10 + 12)?
4
What is the value of -3 + 12 + -5 + (-5 - -2)?
1
What is the value of (-10 - -7) + (-2 - -2 - 0)?
-3
(1 - -2 - -4) + -5
2
12 + (4 - (4 + 1))
11
What is 3 - (-2 + (11 - 3))?
-3
Calculate -4 + (-4 + 1 - -3) + 2.
-2
Evaluate 14 + -11 - (2 + 2 + -2).
1
What is -5 + -1 + (-2 - (6 - 9))?
-5
Evaluate -3 + -2 - (-3 + -4).
2
-1 - (-1 + -4 + 0 + 2)
2
What is the value of -19 + (5 - -15 - 10)?
-9
What is -1 - 3 - (-2 - (7 + 0))?
5
Calculate (0 + -8 - 6) + 4.
-10
What is -6 + 0 + 0 - (-22 - -21)?
-5
Evaluate 7 - (4 - (-4 + 3)).
2
(6 - 8) + (1 - -7)
6
Evaluate -20 - -18 - (-1 + 0).
-1
Calculate 2 + (-4 - -5) + 1.
4
2 - 3 - -4 - (-7 - -6)
4
Calculate 0 - 2 - (2 - (6 + -4)).
-2
(-1 - (0 + -5) - 5) + 4
3
Evaluate